*3 - z**2 + z. Suppose -14*o - 1 = -15*o. What is b(o)?
3
Let x be 6/1*12/24. Let q(y) = -4*y**x - 1 - 2*y**3 + 5*y**3 - 6*y**2 - y. What is q(-6)?
5
Let j(n) = -n**3 - 2*n**2. Let u be j(-2). Let o(m) be the second derivative of m + 0 - 1/6*m**3 - 5/2*m**2. Calculate o(u).
-5
Suppose -5*y - y + 12 = 0. Let i(p) = p**2 - 1. What is i(y)?
3
Suppose 6*r - 20 = 4*r - 2*s, -25 = -5*s. Let q(g) = -r*g**2 + 0*g + g**3 - 5 + 4*g + 3*g - 4*g. Suppose m + 3*k - 7 = 7, -m = 4*k - 17. Calculate q(m).
10
Let b(j) be the second derivative of -j**5/20 - j**4/6 + j**3/2 - j**2 + 22*j. Calculate b(-3).
-2
Let p(k) = k**3 - 9*k**2 - 9*k - 7. Let t be 2/3 + 196/21. What is p(t)?
3
Let g(x) be the third derivative of -x**4/24 - x**3/2 + 6*x**2. Give g(-5).
2
Let m(v) = -7*v**2 + 6 + 10*v + v**3 - 24*v - 2*v**3 + 8*v. Determine m(-6).
6
Let g = 45 + -27. Let v = g - 23. Let s(m) = -m**2 - 6*m - 4. Calculate s(v).
1
Let f(j) be the first derivative of -j**4/4 - 7*j**3/3 - 3*j**2 + 5*j + 3. Suppose -4*p + 8*p = -24. Calculate f(p).
5
Let o(q) be the third derivative of -q**5/60 - q**4/4 - q**3/3 - q**2. Suppose -5*v = 2*v + 35. Give o(v).
3
Let c be (2 - (-34)/(-8))*-4. Suppose 0*d - 5*d - 2*f = -4, 3*d - f = c. Let l(p) = 5*p - 9*p + 3*p + d*p - 12*p**2. Determine l(1).
-11
Suppose a - 8 = 3*a + 2*f, -18 = 3*a - 3*f. Let b(v) = v**3 + 5*v**2 + v + 6. What is b(a)?
1
Let x(o) = -o**2 + 5*o - 5. Let f(d) = 3*d**2 - 14*d + 16. Let s(h) = 2*f(h) + 7*x(h). Determine s(8).
-11
Let d be (-4)/(-3) - (-2)/(-6). Let w be d/((-1)/2*2). Let o(y) = 4*y. Determine o(w).
-4
Suppose -2*b + 213 = -125. Let j(g) = 4*g - 5*g + 166 - b. Calculate j(5).
-8
Let f = 0 + 11. Suppose -2*k = 4*j + 15 - 1, -2*j + f = -5*k. Let v(m) be the second derivative of -m**3/6 + 28*m. What is v(k)?
3
Let v(c) be the third derivative of -c**6/120 + 7*c**5/60 - c**4/24 + 2*c**3/3 - 29*c**2. What is v(7)?
-3
Let g(o) = -3*o. Let p be g(2). Let h(i) = -3*i - 4. Give h(p).
14
Let d(a) = 2 - a + 5 - 6 - 7*a. Calculate d(1).
-7
Let l = 15 - 22. Let n(c) = -c - 10. Give n(l).
-3
Let t(l) = l**2 - 23*l - 50. Let h be t(25). Let c(w) be the third derivative of 1/8*w**4 - 3*w**2 + 7/6*w**3 + 0 + h*w. Determine c(-5).
-8
Let u(w) = 3 + 6*w - 2*w - 2*w + 2. Let t(o) = -4*o - 10. Let m(i) = -4*t(i) - 7*u(i). Calculate m(-5).
-5
Let q(y) = 2*y - 4 - 3*y + y**2 + 5. Let f be q(1). Let k(i) = -4*i. Calculate k(f).
-4
Let k(f) = f**2 + 2. Suppose -2*b - 2*j = -7*b + 14, -5*j = 3*b - 27. Suppose -b*n + 6 = -n. Suppose 0 = 3*l + n*a - 10, -15 = 2*a - 5*a. What is k(l)?
2
Let u be (-266)/57 + (-2)/(-3). Let a(g) = g**3 + 4*g**2 - g + 1. Give a(u).
5
Let b(u) = -u**2 + 6*u - 3. Let m be b(6). Let h = m + 2. Let k(z) = -4*z**2 - z**3 + 3*z**2 - 7*z**3 + 1. Give k(h).
8
Let j(m) = 2 + 11*m + 0*m - 3. What is j(1)?
10
Let h = 94 + -94. Let r(x) = -x**3 + x - 12. Calculate r(h).
-12
Let m(o) = -o + 1. Let j(r) = -r + 1. Let u(y) = -6*j(y) + 5*m(y). Let d(p) = -2*p + 7. Let v(i) = d(i) + 5*u(i). Give v(-3).
-7
Let v(l) = 2*l + 9. Let w(q) = q + 5. Let o(j) = 6*v(j) - 10*w(j). Determine o(-7).
-10
Let d(r) be the first derivative of -r**4/4 + 5*r**3/3 + 5*r**2/2 + 1. Let q = -61 - -67. Give d(q).
-6
Let f = 66 + -59. Let s(g) = -g**2 + 7*g - 7. Give s(f).
-7
Suppose -2*h - 8 + 0 = 3*n, -3*h - 12 = 5*n. Let l(z) = 2*z + 2. Calculate l(h).
-6
Let h(j) = -4*j - 5. Let g(c) be the second derivative of c**3/6 + c**2 + 3*c. Let w(x) = 7*g(x) + 2*h(x). Determine w(-5).
9
Let d(m) = -58*m**2 + 0*m + 0*m + 53*m**2 + m**3. What is d(5)?
0
Let p = 24 + -30. Let k(g) = -g**2 - 5*g + 8. Calculate k(p).
2
Suppose -c = 3*c - 4. Let f(q) = -3*q - 1. Let b(n) = 4*n + 2. Let l(x) = 2*b(x) + 3*f(x). Determine l(c).
0
Let c(l) = 4*l**2 - l - 4. Let s(v) = -v**2. Let k(u) = c(u) + 3*s(u). Let d be k(-3). Let y = d + -11. Let m(f) = 3*f + 4. What is m(y)?
-5
Let v be (1 - -4)/5*7. Let y(d) = -d**2 + 7*d + 6. What is y(v)?
6
Suppose -8 = -2*b - 0. Let t be (5/(-4))/(5/(-20)). Let o(n) = 1 - n + n - n + t. Determine o(b).
2
Let k(y) = 11*y - 31. Let i(u) = 4*u - 11. Let g(w) = -17*i(w) + 6*k(w). Give g(4).
-7
Let j = 121 - 122. Let t(b) = 8*b + 1. Calculate t(j).
-7
Let v(z) be the first derivative of z**4/4 + 3*z**2/2 + 3*z + 47. Let f be (-2)/6 + 10/(-6). Calculate v(f).
-11
Let u(t) = t**2 - t - 1. Let r(a) = a**3 - 10*a**2 - 7*a - 12. Let q(i) = -r(i) - u(i). Determine q(10).
-7
Let b(j) be the third derivative of -j**7/2520 - j**6/720 - j**5/120 + j**4/24 + j**2. Let t(d) be the second derivative of b(d). Let q = 24 - 24. What is t(q)?
-1
Let c(x) = -x + 2 + 8*x + 1. Give c(-2).
-11
Let v(z) be the second derivative of -z**5/20 - z**4/4 + 2*z**3/3 - 3*z**2/2 - 19*z. Determine v(-4).
-3
Let n(f) = -2*f - 28. Let u be n(-12). Let w(z) = -2*z**2 - 5*z - 2. What is w(u)?
-14
Let l(k) be the third derivative of k**5/60 + k**4/4 + k**3 + k**2. Suppose 5*m - 77 = -4*h + 10, 4*m = -5*h + 66. Let u = 13 - m. What is l(u)?
6
Let k be ((0 + -1)/(-1))/1. Let a(y) = -10*y - 167*y**2 + 1 + 9*y + 173*y**2. Determine a(k).
6
Suppose 3*u - 2*q + 21 = -5*q, -4 = q. Let r(d) = d**3 + 2*d**2 + 4*d + 4. Determine r(u).
-17
Let b be -2 + 7*2/4. Let c(l) be the second derivative of 0 - l - b*l**2 - 1/6*l**3 + 1/12*l**4. Calculate c(4).
9
Suppose 3*x = -3 - 6. Let g(k) be the third derivative of k**4/8 + 2*k**3/3 - 2*k**2. Let h(s) = -s - 1. Let z(t) = g(t) + 2*h(t). Give z(x).
-1
Let n(k) = k**2 - 3*k - 6. Let i(t) = -t - 2. Suppose 16 = -3*g - g. Let f be i(g). Suppose 17 = 3*w + f. Calculate n(w).
4
Let z(n) = n**2 - 2*n - 1. Let v be z(-1). Let q(j) = -5*j + v*j + j + 0*j + 2. What is q(5)?
-8
Let z(w) be the first derivative of 1/3*w**3 + 7*w - 4*w**2 - 4. Give z(6).
-5
Let u(k) = -2*k - 2*k + 5*k. Suppose 5*r - 3*a - 5 = 0, -29 = 4*a - 9. What is u(r)?
-2
Let i(y) = -10*y - 6. Let z(p) = -4*p + 1. Let c be z(-1). Let x(n) = 5 + 0 + 7*n - 1. Let g(f) = c*i(f) + 7*x(f). Give g(4).
-6
Let p(j) = j**3 - 9*j**2 + 10. Let g(z) = -z**3 + 8*z**2 + z - 8. Let q(v) = 5*g(v) + 4*p(v). What is q(5)?
0
Let r be 2 + -4 - (1 + -4). Let s(t) = -t**3 - t. Calculate s(r).
-2
Let p be 4*((-261)/(-12))/3. Suppose p - 8 = 4*i + 5*c, 0 = i - c - 3. Let m(o) = o - o**3 + 7*o + 6 - i*o**2 - 2*o. What is m(-5)?
1
Let p(o) = -o - 3. Suppose -w + 4*w = 18. Let d(z) = z - 3. Let k be d(w). Let x(s) = -3. Let v(g) = k*p(g) - 2*x(g). What is v(3)?
-12
Let q(i) be the first derivative of -1/6*i**4 + 0*i + 2 + 1/180*i**6 - 1/40*i**5 + 0*i**2 + 2/3*i**3. Let u(b) be the third derivative of q(b). Give u(3).
5
Suppose 0 = -3*l + 5*c + 7 - 0, -3*c + 3 = -l. Let g(w) = l*w - 5*w + 4*w. What is g(-1)?
-8
Suppose -4*m - 8 = -0. Let b be 1/m*4*-2. Let p(a) = -a**3 + 5*a**2 - 2*a - 5. Give p(b).
3
Let f(v) = 0 + 0*v + 3 - v**3 - 3*v - 5*v**2. Let b(c) = c**3 - 9*c**2 + 9*c - 12. Let u be b(8). Let o(x) = x. Let h be o(u). Give f(h).
-1
Let r(p) = -p - 3. Suppose -178*y = -179*y. Calculate r(y).
-3
Suppose 2*y + 6 = -3*v, 3*v = -y - 0*v - 9. Let f(u) = 2 + 2*u + 4 - 5 - y. Let w be f(4). Let q(k) = -k**2 + 6*k - 5. Calculate q(w).
-5
Suppose 0 = -0*y - 2*y + 4. Let k(q) = q**3 + 3*q**2 + 2*q**2 - 7 - q**y - 7*q. Suppose 3 = -u - 2. Determine k(u).
3
Let w(n) = 4 - 2 + 5 + n**3. Let r = -21 - -21. Give w(r).
7
Let z = -24 + 22. Let t(m) = m**3 + 4*m**2 + 3*m + 3. Give t(z).
5
Let j(x) = 5*x**2 - x + 2. Let u(q) be the second derivative of -13*q**4/6 + q**3 - 5*q**2 - 3*q. Let h(f) = -16*j(f) - 3*u(f). Determine h(-2).
-6
Let c(q) = -10 + 8 + q + 1. What is c(4)?
3
Let s(f) = 14*f + 1. Let g be (0 - (-3 - (0 - 2)))/(-1). Calculate s(g).
-13
Suppose 0 = 4*z - 2*z - 8. Suppose -11*h + 6*h = -5. Let o(m) = 4*m - h - m - z*m. Determine o(3).
-4
Let w(j) = j**3 - 4*j**2 - 5*j + 1. Let v = 11 - 6. What is w(v)?
1
Let a be -3 - (1 - (-3 - -11)). Let x(z) = -3*z - 2*z - 4 + a*z + 0*z. Let s be (-11)/3 - 2/(-3). What is x(s)?
-1
Let v(n) = n**2 - 4*n + 7. Suppose -3*m = 2 - 17. Give v(m).
12
Let j(l) = 3*l**2 - 4*l**2 - 5 - 9*l + 2*l. Suppose -t = 2*t + i - 15, 15 = 5*i. Let s(k) = -k - 1. Let x be s(t). Determine j(x).
5
Let v(m) = -4*m - 20. Let o be v(-6). Suppose 3*d + 34 = 2*a + 9, a = -4*d - 15. Let z(x) = -a*x**2 + 5*x**2 - x + o*x**2 + 2 - 3*x**2. What is z(0)?
2
Let z(q) = -q + 4. Let o be z(4). Let c(